at is n(29)?
-59
Let u(m) = -2*m**2 + 213*m - 4911. Give u(34).
19
Let a(n) = -11*n**2 + 1123*n + 4586. Give a(106).
28
Let r(f) = -13*f**2 + 85*f + 474. Calculate r(-5).
-276
Let t(h) = -11*h**2 + 85*h - 106. Give t(6).
8
Let i(x) = 2*x**2 + 67*x + 358. What is i(-27)?
7
Let o(d) = 2*d**2 + 2003*d + 15929. What is o(-8)?
33
Let t(r) = 142*r - 2063. What is t(15)?
67
Let m(t) = 3*t**3 + 17*t**2 - 184*t - 50. What is m(-11)?
38
Let h(i) = 10476*i + 83822. What is h(-8)?
14
Let t(y) = 2*y**3 - 10*y. Give t(4).
88
Let h(a) = -a**3 - 2*a**2 + 7*a - 3. Determine h(-2).
-17
Let u(j) = 5*j + 72. Determine u(-7).
37
Let y(b) = b**3 + 66*b**2 + 136*b + 521. What is y(-64)?
9
Let t(y) = 27*y**2 - 64*y - 64. Determine t(-1).
27
Let d(r) = -2*r**3 - 14*r**2 - 21*r + 8. Determine d(-5).
13
Let s(b) = -130*b + 12748. What is s(98)?
8
Let l(k) = 4*k**2 + 324*k + 147. Calculate l(-80).
-173
Let p(n) = n**3 - 5*n**2 - 87*n - 123. What is p(-6)?
3
Let t(j) = j**2 - 595*j - 6048. What is t(-10)?
2
Let j(p) = -3147*p + 56649. Calculate j(18).
3
Let w(y) = 7*y**3 + 5*y**2 + y - 8. Determine w(4).
524
Let p(r) = -2*r**3 - 14*r**2 + 103*r + 718. What is p(-7)?
-3
Let u(l) = 65*l - 914. Determine u(14).
-4
Let j(y) = 3*y**2 - 258*y - 527. Give j(88).
1
Let p(d) = -d**3 + 6*d**2 + 58*d + 9. Give p(11).
42
Let b(k) = k**2 - 6*k - 28. Determine b(-4).
12
Let k(c) = 2650*c**2 - 2645*c + 2. What is k(1)?
7
Let k(a) = 2*a**3 + a**2 - 31*a - 2. Calculate k(7).
516
Let f(t) = -3*t**2 + 37*t - 39. Calculate f(11).
5
Let l(d) = -293*d + 25. Determine l(-1).
318
Let h(f) = f**2 - 755*f - 4563. Give h(-6).
3
Let k(l) = -166*l + 44318. What is k(267)?
-4
Let n(d) = 148*d + 1662. Calculate n(-12).
-114
Let a(z) = -320*z - 7690. Determine a(-24).
-10
Let h(w) = -w**3 - 96*w**2 - 2108*w + 18. Give h(-62).
18
Let q(i) = 1247*i - 9986. Give q(8).
-10
Let r(b) = -b**3 - 102*b**2 + 422*b - 153. Give r(-106).
59
Let u(b) = -4*b**2 + 15*b - 18. Calculate u(1).
-7
Let p(m) = 2*m**3 - 53*m**2 + 14*m + 316. Calculate p(26).
4
Let p(r) = -8064*r + 129023. Give p(16).
-1
Let q(b) = -811*b + 53524. Determine q(66).
-2
Let x(u) = -22*u - 482. Calculate x(-24).
46
Let u(v) = -v**3 + 6*v**2 + 12*v - 25. Calculate u(6).
47
Let l(g) = g**3 + 2*g**2 - 55*g + 98. What is l(2)?
4
Let a(m) = 23*m**2 - 164*m + 11. What is a(7)?
-10
Let y(v) = -1165*v + 58246. Calculate y(50).
-4
Let p(b) = b**2 + 108*b + 400. Calculate p(-104).
-16
Let c(b) = -b**2 + 26*b - 23. Calculate c(15).
142
Let v(n) = -n**3 - 29*n**2 - 87*n + 2. Determine v(-25).
-323
Let z(i) = 5*i**3 + 230*i**2 + 224*i - 65. Determine z(-45).
-20
Let u(k) = -14*k**2 - 192*k - 165. Give u(-1).
13
Let s(m) = -1871*m + 46781. Calculate s(25).
6
Let t(h) = 3*h**3 - h**2 + 16*h + 13. Give t(4).
253
Let b(r) = 11*r**3 - 21*r**2 + 32*r - 55. Give b(2).
13
Let q(v) = -130*v - 690. Calculate q(-5).
-40
Let g(i) = 4*i**2 - 11*i - 13. Give g(5).
32
Let y(j) = j**2 - 28*j + 160. Calculate y(19).
-11
Let m(u) = -2*u**2 - 15*u + 13. Calculate m(-5).
38
Let n(i) = 5*i**2 + 134*i + 263. Determine n(-2).
15
Let i(u) = -u**2 + 84*u - 1049. Determine i(13).
-126
Let z(s) = s**2 - 47*s - 152. What is z(50)?
-2
Let p(i) = 11*i**2 - 366*i + 67. What is p(33)?
-32
Let z(m) = m**2 - 2934*m - 29444. Determine z(-10).
-4
Let z(v) = -2531*v - 10126. What is z(-4)?
-2
Let u(h) = -3*h**3 + 175*h**2 + 883*h - 67. What is u(63)?
-4
Let x(l) = -4*l**2 + 75*l - 10. Give x(19).
-29
Let r(w) = 2*w**3 - 154*w**2 + 159*w - 522. Determine r(76).
10
Let a(y) = 63*y - 562. What is a(11)?
131
Let b(j) = -12469*j + 124687. Calculate b(10).
-3
Let t(a) = a**3 + 33*a**2 + 230*a + 4190. Determine t(-30).
-10
Let f(i) = -86*i + 480. Calculate f(7).
-122
Let j(d) = 17*d + 648. What is j(-37)?
19
Let j(m) = -m**3 + 2*m + 17. What is j(-4)?
73
Let j(t) = -97*t**3 - 31*t + 67. Determine j(2).
-771
Let i(x) = -70*x**2 + 2587*x + 100. Calculate i(37).
-11
Let k(o) = o**3 - 550*o**2 + 3807*o - 10. Determine k(7).
32
Let m(d) = 38*d - 137. What is m(0)?
-137
Let t(a) = -2*a**3 + 48*a**2 + 52*a + 72. Determine t(25).
122
Let l(t) = 21*t**3 + t**2 + 24*t - 25. What is l(1)?
21
Let i(a) = a**3 - 5*a**2 - 147*a + 48. Determine i(-10).
18
Let n(g) = 209*g - 7350. Give n(35).
-35
Let q(i) = 59*i - 5372. Determine q(91).
-3
Let s(t) = t**2 - 12*t + 12. What is s(8)?
-20
Let u(t) = t**3 - 18*t**2 - 228*t + 4178. Give u(17).
13
Let p(w) = -w**2 + 60*w - 600. Give p(48).
-24
Let b(n) = n**2 - 142*n - 996. Determine b(149).
47
Let d(c) = -15*c + 10. Calculate d(-27).
415
Let v(g) = 89*g + 356. Calculate v(-4).
0
Let d(l) = 5*l**3 + 23*l**2 - 88*l - 392. Give d(-4).
8
Let y(u) = 2*u**3 - 2*u**2 - 13*u + 30. Determine y(7).
527
Let o(a) = -a**3 + a**2 + 58*a + 20. What is o(8)?
36
Let n(k) = -7*k - 334. Calculate n(-52).
30
Let y(x) = -3*x**3 - 6*x**2 + 36*x - 121. Determine y(4).
-265
Let b(w) = 2*w**3 + 3*w**2 + 374*w - 749. Give b(2).
27
Let g(r) = r**3 + 134*r**2 + 275*r + 1364. Determine g(-132).
-88
Let v(y) = -y**3 + 10*y**2 + 37*y + 19. What is v(13)?
-7
Let q(o) = o**2 - 142*o + 2327. Determine q(19).
-10
Let l(u) = 2819*u + 16918. What is l(-6)?
4
Let t(o) = -11*o**2 + 296*o - 101. Determine t(27).
-128
Let c(a) = 2*a**2 - 126*a + 28. Give c(62).
-96
Let h(q) = -7*q**2 + 30*q + 25. Give h(5).
0
Let m(f) = f**3 - 3*f**2 + f + 1058. Give m(0).
1058
Let q(n) = 2*n**3 + 16*n**2 + 23*n - 12. Determine q(-6).
-6
Let h(i) = 8*i**2 + 40*i + 118. Calculate h(-3).
70
Let y(d) = 3*d - 94. What is y(-4)?
-106
Let m(n) = n**2 + 59*n + 324. Give m(-6).
6
Let s(k) = 3*k**2 + 31*k + 62. Determine s(-8).
6
Let l(v) = 8*v**2 + 346*v + 712. Calculate l(-41).
-26
Let v(g) = -164*g**2 - 6*g + 6. Give v(1).
-164
Let j(q) = -q**3 - 24*q**2 + 24*q - 6. Give j(-25).
19
Let m(q) = 13*q**3 + 28*q**2 + 28*q + 1. Determine m(-1).
-12
Let s(v) = 185*v + 1845. Determine s(-10).
-5
Let i(x) = -x**3 + 43*x**2 - 173*x + 452. Determine i(39).
-211
Let o(r) = 20*r**2 + 839*r - 68. What is o(-42)?
-26
Let c(l) = l**3 - 122*l**2 + 74*l + 5685. Determine c(121).
-2
Let u(x) = -8*x**2 - 61*x + 127. Give u(2).
-27
Let n(q) = -2*q**3 + 12*q**2 + 29*q + 13. What is n(6)?
187
Let t(d) = 9*d**2 - 1124*d + 2105. Give t(123).
14
Let q(x) = -84*x + 23. Give q(4).
-313
Let m(a) = 158*a - 1140. What is m(7)?
-34
Let u(a) = 9*a**2 + 13*a + 31. Determine u(-3).
73
Let x(m) = -m**3 - m**2 + 7*m. Give x(0).
0
Let h(m) = -142*m + 553. Calculate h(6).
-299
Let f(o) = -21*o - 99. Determine f(-14).
195
Let l(u) = -29*u - 739. Determine l(-37).
334
Let w(m) = m**2 + 4*m + 5. Calculate w(-2).
1
Let k(l) = -2*l**3 + 7*l**2 + 22*l - 48. What is k(5)?
-13
Let n(w) = -w**2 + 33*w + 1622. Determine n(60).
2
Let r(k) = -k**3 + 25*k**2 + 22*k + 866. Determine r(27).
2
Let l(z) = -z**3 - 48*z**2 + 205*z - 96. Give l(-52).
60
Let r(m) = -30*m + 1670. What is r(56)?
-10
Let g(h) = 253*h + 18978. Give g(-75).
3
Let y(o) = 11*o + 209. Determine y(-32).
-143
Let h(j) = -15*j - 93. Determine h(-4).
-33
Let d(f) = -f**2 + 156*f - 4051. Determine d(33).
8
Let d(i) = i**2 - 54*i - 1112. Calculate d(69).
-77
Let l(s) = -s**3 + 5*s**2 - 5*s + 9. Calculate l(3).
12
Let c(l) = 5*l**3 + 35*l**2 - 17*l - 12. What is c(-7)?
107
Let o(y) = -y**3 - 16*y**2 - 71*y - 33. Give o(-9).
39
Let v(h) = 16*h - 623. Determine v(30).
-143
Let o(a) = -a**3 - 17*a**2 + 23*a - 74. Give o(-18).
-164
Let b(c) = -c**2 + 20*c + 40. What is b(28)?
-184
Let b(u) = -2*u**2 + 13*u + 7. Determine b(9).
-38
Let b(g) = 2*g + 52. Calculate b(-8).
36
Let q(j) = -3*j**3 - 23*j**2 + 339*j - 213. What is q(7)?
4
Let x(s) = s**3 - 22*s**2 + 121*s + 20. What is x(12)?
32
Let r(n) = -3*n**3 - n**2 - 9*n + 2. What is r(3)?
-115
Let p(u) = 362*u**2 + 1089*u + 6. Determine p(-3).
-3
Let l(r) = -135*r - 510. What is l(-4)?
30
Let o(l) = 5*l**3 - 72*l**2 + 28*l. Determine o(14).
0
Let y(j) = 3*j**3 - 9*j**2 + 6*j - 92. Calculate y(4).
-20
Let t(m) = 3*m**2 - 139*m + 674. Calculate t(5).
54
Let n(b) = 2*b - 9. What is n(10)?
11
Let x(d) = -18*d**2 - 37*d. Calculate x(-3).
-51
Let i(u) = -4*u**3 + 25*u**2 - u - 53. Calculate i(0).
-53
Let o(n) = -6*n**3 - 38*n**2 - 19*n - 62. What is o(-6)?
-20
Let r(q) = 961*q - 2885. Calculate r(3).
-2
Let n(j) = 29*j**2 - 66*j + 284. What is n(6)?
932
Let r(y) = y**2 + 49*y - 1302. 